 8*b**3/3 - 2*b**2 - 69*b. List the prime factors of t(x).
2, 7
Let f(i) = -4*i - 15. Let r(k) = 5*k + 16. Let y(x) = -4*f(x) - 3*r(x). Let c(j) = -3*j + 12. Let l be c(0). List the prime factors of y(l).
2, 3
Suppose -3*p + 4*p - 2*t + 15 = 0, 2*p + 29 = 5*t. Let s(k) = -k**3 - 18*k**2 - 27*k - 33. What are the prime factors of s(p)?
137
Let b(a) = a. Let g be b(2). Let p(f) = -8*f - 72. Let c be p(-9). Suppose 5*s - g*s - 123 = c. List the prime factors of s.
41
Let i(p) = 4*p + 8. Let j be i(-7). List the prime factors of 5/j + (-18)/(-8).
2
Let l(m) be the third derivative of -m**4/12 + 17*m**3 - 36*m**2. What are the prime factors of l(0)?
2, 3, 17
Let j(i) = 2*i**3 - 53*i**2 - 49*i + 16. What are the prime factors of j(28)?
2, 3, 83
What are the prime factors of 135 - ((-5)/2)/(6/(-12))?
2, 5, 13
Suppose 14634 - 3364 = 7*l. List the prime factors of l.
2, 5, 7, 23
Let n be 14/(-3)*(-84)/56. Suppose 0 = -2*i - n + 125. What are the prime factors of i?
59
Let l(s) = 3*s + 4. Let h(u) = -13*u - 17. Suppose -r - 27 = 2*r. Let d(z) = r*l(z) - 2*h(z). List the prime factors of d(-6).
2
Let z be (1/1)/(7/308). Suppose 5*s = -h + z, -5*h = 8*s - 3*s - 60. Suppose -s*y + 4*y + 20 = 0. List the prime factors of y.
5
Suppose a = 50 - 16. Suppose 0 = 2*v - a - 42. Suppose 2*w + v = 2*l, 4*w = 5*l + 3*w - 75. List the prime factors of l.
2, 7
Let i be (-8)/12*-3 + -2. Suppose 5*c + 9 + 6 = i, n + 2*c - 37 = 0. List the prime factors of n.
43
Let r = -108 + -114. Let p = r - -315. List the prime factors of p.
3, 31
Let b = -1 + 1. Suppose -5*i + 7 = 2*w, b = 5*w - 3*w + 2*i - 16. List the prime factors of w.
11
Suppose -5*d - 35 = -2*a - 3*a, 0 = -3*a - 3*d + 27. Suppose -3*u = -a*u. Let j(x) = x + 6. What are the prime factors of j(u)?
2, 3
Let t be (-6 - -7)/((-1)/(-4)). Suppose 123 = 4*g + 4*w - w, -5*g + t*w = -115. List the prime factors of g.
3
Let g be (-15)/(-5) - 17*-5. Suppose 0*m + g = 4*m. List the prime factors of m.
2, 11
Suppose 0 = -2*m + 4*d + 2070, -m + 863 + 175 = -3*d. List the prime factors of m.
3, 7
Let p(w) = w**2 - 2*w - 12. Let x be p(6). Let t be 48/1*x/18. Suppose -5*u - t = -5*q + 53, -3*u + 61 = 4*q. What are the prime factors of q?
2
Suppose -z = -2*q + 2621, -25*z + 24*z = 3*q - 3919. What are the prime factors of q?
2, 3, 109
Let s = 2709 - 1496. List the prime factors of s.
1213
Suppose 0 = -23*b + 3772 + 6187. List the prime factors of b.
433
List the prime factors of 57162/56 - (-1)/4.
1021
Let f(t) = -3*t**2 - 111*t + 36. List the prime factors of f(-30).
2, 3, 37
Let k(h) = h**3 - 6*h**2 + 8. Let u be (-1)/2*0/8. Suppose -q - x = -u*q - 8, 10 = 3*q - 4*x. List the prime factors of k(q).
2
Let h(r) = r**3 + 26*r**2 - 13*r - 36. What are the prime factors of h(-26)?
2, 151
Let x be ((-14)/(-4))/(19/(-836)). Let s be x/(-7) - (3 - 1). Suppose -19 = -p + s. List the prime factors of p.
3, 13
Let q = -20 - -22. Let a be 51 + -1*(q - -1). Suppose 2*o + a = 4*o. What are the prime factors of o?
2, 3
Let x(y) = -10*y + 6*y**2 + 3*y**2 + 2*y**2 - 52 + 66 - y**3 + 3*y**2. Let g = -4 - -17. What are the prime factors of x(g)?
53
Let z(s) = s**3 + 4*s**2 - s - 18. Let w be z(-6). Let j be (-2)/5 + 1242/(-45). Let y = j - w. What are the prime factors of y?
2, 7
Let o = 33 + -6. Let m = 10 + o. What are the prime factors of m?
37
Let w be ((-8)/6)/(6/9). List the prime factors of ((-2)/(6/(-25)))/(w/(-18)).
3, 5
Suppose 3*c + 4 = 19. Suppose 42 = o - c*g, 3*o = o - 3*g + 149. List the prime factors of o.
67
Suppose 0 = 4*b - 0*b - 732. Suppose -4*g - b + 459 = 0. List the prime factors of g.
3, 23
Let o(d) = 25*d**2 + 7*d**2 + 0*d - d. Let y be o(-1). Let i = -5 + y. What are the prime factors of i?
2, 7
Suppose 2645 = 5*p - 5*k, -4*k = -2*k + 8. List the prime factors of p.
3, 5, 7
Let x(s) = -s**2 - 17*s + 9. Let v be x(-17). Let z(c) = -6*c + 17 + 4*c**2 - 3*c**2 + 0. List the prime factors of z(v).
2, 11
Let t = 24 - 27. List the prime factors of (8*t)/(-2) + -1.
11
Suppose 4*p - 10 = 3*h + 8, -5*h - p - 7 = 0. What are the prime factors of (-441)/h - 3*2/(-4)?
2, 3, 37
Suppose -4*n + 108 = 4*o, -n = 4*o - 23 - 13. Let j = 7 + n. What are the prime factors of j?
31
Suppose 0 = -3*h + 2*r - 4*r + 8248, 0 = 3*h + 4*r - 8252. List the prime factors of h.
2, 3, 229
Let s be ((-63)/(-14) + -1)/((-2)/(-4)). Let k(f) = -f**3 + 7*f**2 + 19*f + 6. List the prime factors of k(s).
139
Let l(h) = h**3 - 5*h**2 + h - 2. Let f be l(5). Suppose 207 = 3*s - 2*y, 0 = -f*s + 7*s + y - 265. What are the prime factors of s?
67
Let h(w) = -w - 1. Let p(i) = 6*i + 7. Let x(b) = -6*h(b) - 2*p(b). List the prime factors of x(-9).
2, 23
Suppose 0 = -4*h - 4*r + 7372, -1103 = -2*h - r + 2581. List the prime factors of h.
7, 263
Let v = 10 + -9. Let f be 15/(3/v) + 2. Suppose -f*o + 94 = -5*o. What are the prime factors of o?
47
Let j = -14 - -17. Suppose j*p + p - 208 = 0. List the prime factors of p.
2, 13
Suppose 3*b = 2*b + 2. Suppose -4*m = 5*x + 5, b*m + 9 = -x + 2. Suppose 5*f - 2*h + 10 = 54, 16 = x*f + 4*h. What are the prime factors of f?
2
Let c = 3260 - 773. List the prime factors of c.
3, 829
Let u(q) = -33*q**3 - 2*q**2 + 2*q. What are the prime factors of u(-2)?
2, 3, 7
Let k be (2 + -3 + 0)*-1. Let v(w) = 4 + 9*w + k - 8 + 2. List the prime factors of v(1).
2
Let t = 15 + -13. Let f be t - (5 + (-2 - 0)). List the prime factors of 19*1 - (f - 2).
2, 11
Let y(a) = -a + 11. Let o = -32 - -42. Let z be y(o). List the prime factors of -1 + 57 - (5 - z).
2, 13
Suppose 2*p = -0*p + 6. Suppose 0 = -2*w - b + 57, -p*b - 79 = -4*w + 2*b. List the prime factors of w.
2, 13
Let n = -621 + 804. What are the prime factors of n?
3, 61
Suppose 2*d = -x + 69, 0 = 2*d + 2*x - 4 - 70. Let a = -1 + d. Suppose 5*r + 3*b = 11 + a, 2*r - 3*b - 21 = 0. What are the prime factors of r?
3
Let w = -413 - -1298. What are the prime factors of w?
3, 5, 59
Suppose 5*g + 3*c = 719, 6*g + 572 = 10*g + 4*c. List the prime factors of g.
5, 29
Let v be 213/5 - ((-2)/(-5))/(-1). Suppose -4*d + v + 125 = 0. List the prime factors of d.
2, 3, 7
Suppose 0*a - 5*r = -a + 66, 0 = a - 2*r - 63. Suppose 53 = -a*y + 62*y. What are the prime factors of y?
53
Suppose -21*d + 1533 = -15750. What are the prime factors of d?
823
Suppose 0 = -15*f + 6 + 24. Suppose 50 + 38 = f*r + 5*b, 3*r - 151 = 2*b. What are the prime factors of r?
7
Let a be 5*(3 - 2)*1. Let r be 21868/176 + (-2)/8. Suppose a*b = r - 29. List the prime factors of b.
19
Suppose 46 = 11*u - 20. Suppose 0 = -o - u*o + 693. What are the prime factors of o?
3, 11
Let z(w) = -105*w - 689. List the prime factors of z(-20).
17, 83
Suppose 4*y + 1756 = -2*a + 4*a, 3*a - 2619 = y. What are the prime factors of a?
2, 109
Let b = -10 + 10. Suppose b = -n + 50 + 11. List the prime factors of n.
61
Let m(w) be the second derivative of w**5/60 + 5*w**4/8 + w**3 - 3*w**2 - 13*w. Let o(t) be the first derivative of m(t). What are the prime factors of o(-15)?
2, 3
Let u(y) = -y**3 + y**2 - 2*y + 2. Let x(z) = z**2 + 2*z - 3. Let i be x(-3). List the prime factors of u(i).
2
Let f(o) be the third derivative of o**6/120 - 4*o**5/15 + 11*o**4/12 - 14*o**3/3 + 5*o**2. What are the prime factors of f(15)?
7, 11
Let b = 7 - 7. What are the prime factors of (b - -89)/((-3)/(-24)*4)?
2, 89
What are the prime factors of (-2432)/(-6) + (-11)/33?
3, 5
Let z(k) be the first derivative of 4*k**3/3 + 9*k**2/2 - 4*k - 1. Let t be z(-7). Let u = t + -86. What are the prime factors of u?
43
Suppose -12*l + 5496 = -8880. What are the prime factors of l?
2, 599
Let c(p) = 2*p**3 + 42*p**2 + 20*p + 30. Let u(o) = 3*o**3 + 63*o**2 + 30*o + 45. Let z(v) = -7*c(v) + 5*u(v). What are the prime factors of z(-20)?
5, 43
Let g(l) = 10*l**3 - l**2 - l. Let p be g(-1). Suppose 12 = -3*i, -7*i + 5*i + 22 = n. Let v = n + p. List the prime factors of v.
2, 5
Let l(i) be the third derivative of i**6/120 - i**5/60 + i**4/24 + 4*i**2. Let s be l(2). What are the prime factors of (-28 - 0)/((-12)/s)?
2, 7
Let p(t) = t**3 - t**2 + 21. Let n be p(0). Let m = n - 6. What are the prime factors of m/10*20/6?
5
Let w(t) be the first derivative of -7*t + 5/3*t**3 - t**2 + 1/4*t**4 + 5. List the prime factors of w(-5).
3
Let a be ((-32)/(-12))/((-12)/(-18)). Suppose 